1
Let p(n) = 8*n**3 - 5*n - 5. What is p(-2)?
-59
Let i(z) = -9*z**2 - 4*z - 3. What is i(-2)?
-31
Let l(z) = -z**2 - 2*z + 9. Determine l(0).
9
Let r(c) = c**2 + 12*c + 16. Give r(-12).
16
Let b(j) = -j**2 - 20*j + 47. What is b(-19)?
66
Let d(p) = -6*p + 16. Give d(-2).
28
Let p(v) = v**3 - 10*v**2 - 11*v + 4. Determine p(11).
4
Let f(l) = -l + 8. Calculate f(-6).
14
Let c(u) = -8*u**2 - 3*u + 3. What is c(2)?
-35
Let i(m) = 49*m - 60. Determine i(2).
38
Let w(l) = -2*l**2 - 8*l + 24. Calculate w(7).
-130
Let s(l) = -l**3 - 23*l**2 - 25*l - 50. Determine s(-22).
16
Let q(w) = w**3 - 6*w**2 + 3*w. Determine q(4).
-20
Let a(s) = s**2 - 10*s + 17. Determine a(8).
1
Let w(r) = -r**2 - 8*r - 11. Give w(-8).
-11
Let v(p) = -p + 6. Determine v(-6).
12
Let s(h) = -h**2 - 15*h - 16. Calculate s(-10).
34
Let u(p) = 3*p**2 - 5*p. Determine u(5).
50
Let o(p) = p**2 - 24*p + 57. Determine o(20).
-23
Let d(u) = u**2 - 4*u + 12. Determine d(2).
8
Let v(a) = -6*a - 13. Calculate v(-3).
5
Let z(t) = -11*t - 212. Give z(-19).
-3
Let g(f) = -5*f + 10. Determine g(-4).
30
Let c(u) = u**2 - 26*u - 14. Calculate c(26).
-14
Let i(n) = -6*n. Calculate i(-8).
48
Let g(v) = v**3 + 21*v**2 - 19*v + 18. What is g(-22)?
-48
Let n(y) = -y**3 - 2*y**2 + 3*y - 4. Give n(2).
-14
Let k(g) = -5*g**3 - 4*g**2 - g + 2. Calculate k(-1).
4
Let m(p) = p**3 + 7*p**2 - 11*p - 10. What is m(-7)?
67
Let x(w) = -6*w + 118. Give x(16).
22
Let a(j) = -j**3 + 9*j**2 - 2. Determine a(9).
-2
Let i(c) = -c**2 - 39*c - 140. Calculate i(-33).
58
Let s(g) = 2*g - 43. Give s(18).
-7
Let x(h) = -6*h**2 - 3*h - 1. Calculate x(-1).
-4
Let o(v) = -v**3 - 11*v**2 + 25*v + 6. Give o(-13).
19
Let q(i) = 7*i + 23. Calculate q(-4).
-5
Let q(t) = t**3 + 10*t**2 + 5*t + 18. Determine q(-10).
-32
Let k(r) = r**3 - 3*r**2 + 2*r + 183. Determine k(0).
183
Let m(w) = w**2 - 6*w - 15. Give m(7).
-8
Let u(a) = a**3 + 5*a**2 - 12*a + 10. Determine u(-7).
-4
Let j(f) = -f**3 + 7*f**2 + 8*f + 9. Calculate j(7).
65
Let a(k) = -k + 4. Calculate a(-6).
10
Let i(f) = -6*f**2 - 144*f - 2. Calculate i(-24).
-2
Let s(u) = -5*u + 36. What is s(6)?
6
Let k(d) = d**3 + 8*d**2 + 9*d - 4. Calculate k(-7).
-18
Let s(d) = -d**3 - 9*d**2 + 21*d + 13. Give s(-9).
-176
Let y(n) = n**2 - 14*n + 31. Calculate y(9).
-14
Let j(l) = 6*l - 35. Give j(-16).
-131
Let n(a) = a**3 + 2*a**2 - 12*a - 10. Calculate n(-4).
6
Let o(j) = -2*j - 3. What is o(-4)?
5
Let t(p) = -2*p**3 - 59*p**2 - 27*p + 53. What is t(-29)?
-5
Let j(t) = -5*t - 24. What is j(-2)?
-14
Let i(f) = -4*f**2 + 5*f + 3. Give i(-2).
-23
Let v(c) = -c**3 + 2*c**2 - c - 66. What is v(0)?
-66
Let b(u) = 7*u - 9. Determine b(3).
12
Let h(i) = i**3 + 2*i**2 - 10*i + 1. Calculate h(5).
126
Let s(f) = -f + 4. What is s(9)?
-5
Let m(h) = h**2 - 11*h + 5. What is m(10)?
-5
Let o(t) = -t**3 + 3*t**2 + 9*t - 8. What is o(5)?
-13
Let m(z) = 2*z**2 + 30*z + 30. Calculate m(-14).
2
Let x(v) = v**2 + v - 23. Determine x(0).
-23
Let p(n) = 2*n**3 - 19*n**2 - 22*n - 126. What is p(11)?
-5
Let r(v) = -2*v**2 + 7*v - 1. Calculate r(5).
-16
Let p(o) = -5*o - 25. Calculate p(-4).
-5
Let g(v) = -4*v - 14. Give g(-6).
10
Let i(c) = c**3 - c**2 + c + 4. Give i(-2).
-10
Let p(h) = 4*h - 21. What is p(5)?
-1
Let h(i) = 4*i**2 - 16*i + 20. Determine h(3).
8
Let o(v) = v**2 - 4*v - 65. What is o(-11)?
100
Let v(n) = -n**2 - 3*n + 7. Calculate v(-8).
-33
Let v(i) = -5*i**2 + 12*i - 8. Determine v(3).
-17
Let r(c) = 7*c**3 - 3*c - 2. Calculate r(-1).
-6
Let w(a) = 3*a + 38. Give w(-11).
5
Let o(y) = y**2 - 8*y - 4. Calculate o(7).
-11
Let u(d) = -2*d**3 + 2*d**2 + 5*d + 6. What is u(3)?
-15
Let b(h) = -h**2 + 8*h - 24. Give b(7).
-17
Let t(j) = j**3 - 42*j**2 + 73*j + 285. Give t(40).
5
Let u(i) = -2*i**2 + 58*i + 189. Determine u(32).
-3
Let f(b) = 2*b - 4. Give f(1).
-2
Let w(u) = 56*u - 226. What is w(4)?
-2
Let y(k) = -k**3 - 12*k**2 - 9*k + 16. Calculate y(-11).
-6
Let z(s) = -s**3 - 3*s**2 + 7*s + 9. Determine z(-4).
-3
Let l(g) = -2*g + 7. Determine l(12).
-17
Let g(l) = -16*l**2 + 3*l - 2. What is g(2)?
-60
Let u(w) = -2*w**3 - 36*w**2 + 39*w + 24. Determine u(-19).
5
Let q(i) = -10*i - 1. Determine q(2).
-21
Let k(h) = -4*h**3 - 2*h - 2. Determine k(-2).
34
Let q(j) = -j**2 - 10*j - 6. Determine q(-6).
18
Let a(k) = k**2 + 15*k - 14. Calculate a(-16).
2
Let w(c) = 2*c - 9. Determine w(4).
-1
Let f(p) = -p**3 + 7*p**2 - 8*p - 13. Calculate f(5).
-3
Let r(m) = m**3 - 6*m**2 + 5. What is r(2)?
-11
Let v(r) = r**3 - 10*r**2 - 10*r + 6. What is v(11)?
17
Let a(h) = -2*h + 21. Determine a(8).
5
Let n(h) = 4*h + 5. What is n(-6)?
-19
Let d(p) = -p + 10. Calculate d(9).
1
Let i(a) = -2*a**2 + 2*a - 8. Calculate i(2).
-12
Let c(l) = -l**2 - 15*l - 42. Determine c(-10).
8
Let w(a) = a**3 + 5*a**2 + 13*a + 37. Calculate w(-6).
-77
Let w(q) = -3*q - 87. Give w(-30).
3
Let a(z) = 2*z**2 - 10*z - 13. What is a(6)?
-1
Let k(r) = 211*r - 642. Calculate k(3).
-9
Let w(b) = 2*b + 20. Calculate w(-13).
-6
Let l(c) = c**3 + 7*c**2 - 8*c - 1. Calculate l(-8).
-1
Let k(v) = v**2 - 6*v - 5. Give k(-5).
50
Let b(c) = -2*c - 5. What is b(7)?
-19
Let x(q) = 2*q - 1. Calculate x(-2).
-5
Let a(j) = -j**3 - j**2 - 2*j. Determine a(-2).
8
Let z(m) = -m**3 + 36*m**2 + 4*m - 152. Calculate z(36).
-8
Let o(q) = -q**3 - 7*q**2 + 2*q + 6. What is o(-7)?
-8
Let l(r) = r**3 + 11*r**2 + 9*r + 5. Calculate l(-10).
15
Let g(w) = 2*w**3 - 11*w**2 + 11. Give g(5).
-14
Let q(o) = 4*o + 15. Give q(-5).
-5
Let w(f) = -f**2 + 14*f - 15. What is w(12)?
9
Let l(v) = v + 11. What is l(6)?
17
Let r(i) = -i**2 + 36*i + 66. Calculate r(38).
-10
Let c(o) = -4*o - 55. Give c(8).
-87
Let c(z) = -83*z**3 + z**2. What is c(-1)?
84
Let q(t) = -t**3 - 6*t**2 + 5*t + 8. Determine q(-7).
22
Let z(f) = 17*f - 71. Give z(0).
-71
Let q(a) = 3*a - 5. Calculate q(-7).
-26
Let h(z) = 3*z**2 + z + 1. Calculate h(-2).
11
Let b(s) = s**2 + 5*s - 5. What is b(-5)?
-5
Let y(n) = -2*n**2 + 57*n - 402. Determine y(14).
4
Let s(i) = i**2 + i + 16. Calculate s(0).
16
Let y(w) = 2*w**2 - 30*w - 17. Calculate y(15).
-17
Let j(o) = 3*o**3 - 3*o**2 + o. What is j(1)?
1
Let v(g) = 2*g**3 + 3*g**2 + 5*g - 14. Determine v(2).
24
Let q(m) = -10*m**3 - 3*m**2 - 2*m - 3. Give q(-2).
69
Let x(n) = n**2 + 13*n + 19. Calculate x(-9).
-17
Let r(y) = -4*y**2 + 3*y - 4. Calculate r(2).
-14
Let z(s) = s + 2. Give z(-7).
-5
Let d(t) = t**3 - t**2 + t + 14. Give d(0).
14
Let i(s) = -3*s**2 + 81*s + 81. What is i(28)?
-3
Let o(t) = t**3 + 12*t**2 + 26*t + 52. Calculate o(-10).
-8
Let x(g) = g**2 - 2*g - 6. Determine x(0).
-6
Let t(w) = w**3 + 13*w**2 - 32*w - 1. Give t(-15).
29
Let c(z) = z**3 + 10*z**2 + 10*z - 5. Give c(-9).
-14
Let y(x) = 11*x - 21. Determine y(10).
89
Let l(b) = -b**3 + b**2 + 5*b + 5. Determine l(3).
2
Let o(s) = s**2 + 5*s + 1. Calculate o(-5).
1
Let s(a) = 79*a + 24. Determine s(-1).
-55
Let x(n) = -n**3 + 6*n**2 + 11*n - 26. Give x(7).
2
Let u(b) = -b + 3. Calculate u(-7).
10
Let b(s) = -s + 19. Calculate b(15).
4
Let r(y) = -y**2 - 32*y - 221. Give r(-10).
-1
Let f(p) = 33*p**3 - 3*p**2. Determine f(-1).
-36
Let f(q) = -2*q**3 + 11*q**2 + 4*q + 3. What is f(6)?
-9
Let r(y) = y + 18. Give r(-18).
0
Let i(f) = f**3 - 9*f**2 - 2*f + 25. Give i(9).
7
Let z(d) = -10*d**2 + 2*d - 2. What is z(2)?
-38
Let c(v) = v**2 + 11*v + 24. What is c(-6)?
-6
Let z(t) = t**3 - 12*t**2 - 11*t - 19. Give z(13).
7
Let i(y) = y**3 + 3*y**2 + 4*y - 14. Give i(2).
14
Let o(n) = n**3 + 4*n**2 + n + 1. Give o(-4).
-3
Let h(c) = 12*c - 6. Calculate h(-1).
-18
Let s(a) = 2*a**3 + 3*a**2 + 3*a + 11. Give s(0).
11
Let n(m) = -5*m + 23. Calculate n(13).
-42
Let b(c) = c**2 + 10*c + 9. Determine b(-7).
-12
Let z(l) = 9*l**2 - 4*l + 2. Calculate z(2).
30
Let w(j) = -5*j + 11. Determine w(4).
-9
Let j(g) = 13*g + 91. Calculate j(-6).
13
Let u(b) = -b**2 - 13*b + 19. Give u(-16).
-29
Let p(v) = -v + 6. Determine p(-3).
9
Let w(q) = 2*q**2 + 4*q. Determine w(-2).
0
Let p(l) = -l**3 - 10*l**2 + 9*l + 5. Calculate p(-11).
27
Let d(a) = a**2 - 20*a + 22. Give d(18).
-14
Let i(n) = 10*n - 2. What is i(2)?
18
Let o(y) = -2*y**2 + 19*y + 10. Calculate o(10).
0
Let y(u) = -19*u + 67. What is y(-8)?
219
Let l(r) = r**2 - 6*r - 17. Calculate l(-9).
118
Let v(o) = -3*o + 2. Determine v(9).
-25
Let i(s) = 